 h*f = 404. What is the hundreds digit of i?
1
Let j = 66679 + -31350. What is the ten thousands digit of j?
3
Let s(x) = -4*x**2 + x - 2. Let z be s(1). Let g(y) = 2*y + 26. Let q be g(z). Suppose 77 = -15*u + q*u. What is the units digit of u?
7
Suppose -25470 - 13525 = -11*z. Suppose 0 = 3*y + j - z, 643 = 4*y - 4*j - 4073. What is the thousands digit of y?
1
Let x(q) = q**3 - 15*q**2 + 19*q - 70. Let g be x(14). Suppose 10*v - 542 - 2218 = g. What is the tens digit of v?
7
Let f = -6103 + 9846. What is the thousands digit of f?
3
Let s be 3 + 1/(4/(-16)). Let d = 8 - s. What is the tens digit of d*(13 + (3 - 1 - 5))?
9
Let i be 2 + -2 + 12/(-12) + 4. Suppose 7*o = 2*d + i*o - 2318, -3*d - o = -3512. What is the tens digit of d?
6
Let b be 0/(0/(-3 + 1) + -2). Suppose b = -3*s - 5*q + 53, 3*s - 9 = 3*q + 36. What is the tens digit of ((s/(-6))/(-4))/(6/387)?
4
Suppose -16*v + 359160 = 32*v - 18*v. What is the tens digit of v?
7
Let i(r) = 0 + 19*r + 21 + 21 - 25*r + r**2. Let h = 9 - 17. What is the hundreds digit of i(h)?
1
Let o = 5566 + -8376. Let n = -1820 - o. What is the units digit of n?
0
Let x(l) = 107*l**2 - 61*l - 164. What is the units digit of x(9)?
4
Suppose -3*d + 5*v = 266 + 78, -d - v = 120. Let u = 196 + d. What is the tens digit of u?
7
Suppose 5*h - 6 = 5*s + h, -2*s - 2 = -2*h. What is the units digit of (-4)/((s - (-28)/16) + 0)?
6
Let y(j) be the first derivative of -j**4/4 - 7*j**3/3 + 13*j**2/2 - 19*j + 7. Suppose -2*o + 4*b = -8 + 38, 0 = 2*o + b + 15. What is the tens digit of y(o)?
2
What is the ten thousands digit of 0 + 1420*((-35)/(-35) + 30/4)?
1
Let b(n) = -39*n + 160. Let d(i) = 13*i - 54. Let j(t) = 2*b(t) + 7*d(t). What is the hundreds digit of j(33)?
3
Suppose 214*j = 213*j - 63. What is the hundreds digit of (432/j)/(-12) - 1361/(-7)?
1
Suppose 0 = 5*x - 3*z - 3257, 2614 = 8*x - 4*x - z. What is the units digit of x?
5
Let u be (1/(-4))/(15/(-180)). Suppose -189 = -u*x - 2*n, -n = -5*x + 4*x + 68. What is the units digit of x?
5
Let p(f) = 3*f**2 - 65*f + 146. What is the thousands digit of p(45)?
3
Let h = -3 - -6. Suppose -6*p = -2*p - 3*p - 2. Suppose h*o + 0 = -p*s + 5, 2*o + 1 = 3*s. What is the units digit of s?
1
Let n(y) = y**3 + 94*y**2 - 72*y - 748. What is the thousands digit of n(-92)?
2
Suppose -5*p - 3*d + 21 = 0, 5*p + 2*d = -0*p + 24. What is the units digit of ((-3)/(p/164))/(1/(-6))?
2
Let d = -7383 + 21691. What is the ten thousands digit of d?
1
Let h(w) = 42*w + 542. What is the hundreds digit of h(45)?
4
Let k(r) = 3*r**2 + 31*r - 102. Let c be k(7). Suppose -c*b = -260*b - 98. What is the tens digit of b?
4
Let l = 3 + 27. Suppose -4*w - 3594 = -3*a - 358, 0 = -2*w - 10. What is the tens digit of (l/(-4) - -8)/(2/a)?
6
Suppose 11*g = -3*g - 294. What is the units digit of (-1)/(7/g) - -471?
4
Suppose 2*s = 2*o + 29028, -o = -3*s + 4*o + 43546. What is the tens digit of s?
1
Suppose 3*g - 3*c = 651, 7*g - 627 = 4*g - 3*c. What is the units digit of g?
3
Suppose -5*y + 70 = -60. Suppose h + 0*h = 3*o + y, -3*o - h = 34. What is the tens digit of ((-4)/(-6))/(o/(-315))?
2
Let p(j) = 216*j**2 + 40*j - 15. What is the hundreds digit of p(-7)?
2
Suppose 17 = -2*y + 23. What is the hundreds digit of (-5 - (-14)/y)/((-3)/1089)?
1
Suppose 4*p = -4*u + 7764, -436*u + 3*p - 9703 = -441*u. What is the units digit of u?
0
Suppose -80 = -5*d + 4*m - 3*m, 5*d + 4*m = 55. Suppose 966 = d*x - 8*x. What is the hundreds digit of x?
1
What is the thousands digit of (-8)/(-2)*(176855/70 + 7)?
0
Let q(l) = 62*l**2 + 6*l. Let o = -44 - -41. Let z be q(o). Suppose -z = 8*h - 13*h. What is the hundreds digit of h?
1
Let s(v) = 357*v - 9. Let y be s(1). Let h = y + -49. What is the hundreds digit of h?
2
Let t = 34 - 39. Let w be (-4 + (t - -3))/(-1). Let v = 37 + w. What is the tens digit of v?
4
Suppose 21*y - 26*y - 202157 = -4*m, m - 50535 = -3*y. What is the tens digit of m?
3
Let x be 138/(((-25)/15)/(-5)*-3). Let k = 51 - x. What is the units digit of k?
9
Suppose -6 = 2*n, -5*g = -n - 19015 - 36568. What is the units digit of g?
6
Let h(v) = v - 3. Let a be -3 + (-4 - -4) + -2. Let j be h(a). What is the units digit of (86*(-2)/j)/((-6)/(-12))?
3
Let t = 34 - 29. Suppose 3*d - t*i - 297 = 0, -d + 4*i + 54 = -45. What is the units digit of 8/3*d/12?
2
Let r(l) = 8*l**3 - 17*l**2 + 9*l - 9. Let g = -236 - -241. What is the tens digit of r(g)?
1
What is the hundreds digit of ((24/(-20))/3)/((-11)/207020)?
5
Let k be 16/10*20/12*33. Let r = -86 + k. Suppose 0 = c - 3*f - 208, 2*f + 97 - 529 = -r*c. What is the hundreds digit of c?
2
Let v = 9438 + -7589. What is the tens digit of v?
4
Let x(i) = -92*i - 35 + 66 + 2. What is the units digit of x(-4)?
1
Let i = 26968 - -6966. What is the ten thousands digit of i?
3
Let v(g) = 74*g**3 + 5*g - 12. Let k be 1/(-2) - (-15)/6. What is the tens digit of v(k)?
9
Let m = 206 + -196. Suppose 0 = -12*v + m*v + 1872. What is the hundreds digit of v?
9
Suppose 6*x - 33777 = -14799. What is the thousands digit of x?
3
Let o = 22 - 20. Suppose -j + 5*j = y + 167, 0 = 3*j + 2*y - 139. Suppose 3*p - 107 - j = -3*k, o*p + 5*k - 94 = 0. What is the units digit of p?
2
Let k(c) be the third derivative of 13*c**8/10080 - c**6/360 - c**5/20 - 3*c**2. Let d(b) be the third derivative of k(b). What is the units digit of d(2)?
2
Suppose 533 - 155 = 7*q. Let j be (-3850)/(-9) - ((-66)/q - -1). Let s = -259 + j. What is the hundreds digit of s?
1
Let o be 6/(-2) - 1053/3. Let w = 720 + o. What is the hundreds digit of w?
3
Let o be ((-24)/9 + 1)*-3. Suppose w + 4*d - o = 59, w - 61 = -5*d. Suppose -b = 9 - w. What is the tens digit of b?
6
Let g(r) = r**2 - 12*r + 58. Let w be 1*3590/5 - -2. Let k be (1/(-2))/((-20)/w). What is the tens digit of g(k)?
6
Let o = 14725 + -7527. What is the units digit of o?
8
Let f(n) = -n**2 + 41*n - 22. Suppose 0 = -w - 3*k + 5, 0 = -0*w - 2*w - 4*k + 20. What is the tens digit of f(w)?
9
Suppose -36*l - 10*l + 4546134 = 92*l. What is the units digit of l?
3
Let s(t) = 25*t + 29. Suppose 0 = -4*y + 4*x + 72, 30 - 148 = -5*y - 2*x. What is the hundreds digit of s(y)?
5
Suppose 0 = -47*m + 1684934 + 323987. What is the ten thousands digit of m?
4
Let h(w) = 73*w - 88. Let x be h(29). Suppose -5*d - 5*m + 5545 = 0, 5*m = 4*d - x - 2380. What is the hundreds digit of d?
1
Let c(p) = p**3 + 27*p**2 - 2*p - 51. Let a be c(-27). Suppose 3*k - 725 = -2*h, 0 = a*h + 5*k - 503 - 583. What is the hundreds digit of h?
3
Let g = -8391 + 16237. What is the tens digit of g?
4
Let a(u) = 24*u**2 - 151*u + 4630. What is the hundreds digit of a(32)?
3
Let z be 11900/28 - 4/2. Suppose -z = -x + r, 0 = r - 3*r. What is the hundreds digit of x?
4
Suppose -w - 789 = -13031 - 1729. What is the tens digit of w?
7
Suppose -8*s - 17 = 9*s. Let b(i) = 21*i**2 - 2*i - 3. What is the tens digit of b(s)?
2
Let a = 82 - 79. Suppose -2*g - 5*z + a = -2*z, 0 = -g - 5*z - 9. Suppose -6*i - g*i + 396 = 0. What is the units digit of i?
3
Let k(w) = 5001*w**2 - 52*w - 51. What is the units digit of k(-1)?
2
Let q(l) = -l**2 + 27*l + 7134. What is the thousands digit of q(0)?
7
Suppose -x + 8291 = 12*f - 7*f, f + 41351 = 5*x. What is the thousands digit of x?
8
Let v(s) = -178*s**3 - 2*s**2 - 83*s - 299. What is the hundreds digit of v(-4)?
3
Let y(h) = h**3 + 3*h**2 - 43*h + 109. What is the tens digit of y(19)?
3
Let z = -7 - -49. Suppose 5*c = 3*q - 415, -22*q = 5*c - 18*q + 380. What is the tens digit of (-6*z/16)/(10/c)?
2
Let b be ((-32)/(-24))/((8/(-87))/4). Let f = -55 - b. Suppose p - 129 = -2*g - f*g, -73 = -3*g - 5*p. What is the units digit of g?
6
Let j = -63 + 69. Let z = -21 + 21. Suppose z = j*s - 672 - 348. What is the tens digit of s?
7
Suppose -p - z - 4*z = -20, -2*p + 2*z - 8 = 0. Suppose p = -5*a + 32 + 8. Suppose -5*x - h + 428 = 0, 0 = a*x - 4*x + 2*h - 340. What is the units digit of x?
6
Let u = 0 + 0. Let l(p) = 10*p + 82. Let f be l(-8). Suppose u = -f*m - 4, -4*z - 25 + 453 = -4*m. What is the hundreds digit of z?
1
Let b(l) = -126*l + 35. What is the thousands digit of b(-14)?
1
Suppose 5 - 13 = 4*z. Let u be (32/10)/(z/(-5)). Suppose 6*m + 342 = u*m. What is the hundreds digit of m?
1
What is the thousands digit of 6/(-16) + (-20327895)/(-1960)?
0
